 multiple of 81?
False
Is 38 a factor of 4357302?
False
Is 3134374 a multiple of 472?
False
Is 25 a factor of 28975?
True
Is 5012925 a multiple of 57?
False
Is 2658003 a multiple of 558?
False
Is 6886002 a multiple of 1478?
True
Is 25 a factor of 93284?
False
Is 3 a factor of 1319532?
True
Does 372 divide 28644?
True
Is 50 a factor of 59300?
True
Does 12 divide 1460640?
True
Is 10 a factor of 68590?
True
Is 627 a factor of 407550?
True
Does 125 divide 1186750?
True
Is 833 a factor of 15798678?
True
Is 257272 even?
True
Does 30 divide 9705045?
False
Is 63 a factor of 1399986?
True
Is 73944 a multiple of 26?
True
Is 16 a factor of 355776?
True
Does 15 divide 152973?
False
Does 464 divide 846800?
True
Is 165968 a multiple of 16?
True
Is 8 a factor of 71608?
True
Is 331 a factor of 61235?
True
Does 89 divide 85704?
False
Does 709 divide 1418?
True
Does 322 divide 248262?
True
Is 33665176 a multiple of 189?
False
Does 8 divide 405776?
True
Does 50 divide 213759?
False
Is 145070 a multiple of 4?
False
Does 11 divide 46039?
False
Is 547008 a multiple of 168?
True
Is 5480202 a multiple of 842?
False
Does 37 divide 597883?
True
Does 950 divide 4311814?
False
Is 15 a factor of 58381?
False
Does 288 divide 1093554?
False
Does 3 divide 47755?
False
Is 41 a factor of 5896280?
False
Does 9 divide 8406597?
False
Does 19 divide 183622?
False
Is 6862315 a multiple of 104?
False
Does 469 divide 10382253?
True
Does 286 divide 11960912?
False
Does 467 divide 3823562?
False
Is 288900 a multiple of 25?
True
Does 8 divide 487352?
True
Is 24 a factor of 46848?
True
Is 2050 a multiple of 41?
True
Is 411821 a multiple of 10?
False
Is 7986213 a multiple of 478?
False
Does 174 divide 232613?
False
Is 362704 a multiple of 77?
False
Is 165274 a multiple of 10?
False
Is 183 a factor of 13948743?
False
Is 2486046 a multiple of 17?
True
Is 320 a factor of 231680?
True
Does 29 divide 1751281?
True
Is 1178743 a multiple of 77?
False
Does 97 divide 1107643?
True
Is 267441 a multiple of 79?
False
Is 5754308 a multiple of 28?
True
Is 9 a factor of 32292?
True
Is 450306 a multiple of 186?
True
Is 302 a factor of 113250?
True
Is 186 a factor of 3239985?
False
Is 110 a factor of 286990?
True
Is 46980 a multiple of 30?
True
Does 66 divide 3269662?
False
Is 342 a factor of 269462?
False
Does 16 divide 814326?
False
Is 671 a factor of 1729167?
True
Does 60 divide 3840?
True
Is 9 a factor of 3117987?
True
Does 7 divide 123459?
True
Does 53 divide 158976?
False
Is 90 a factor of 203821?
False
Is 9 a factor of 821107?
False
Does 125 divide 9589250?
True
Does 19 divide 170812?
False
Does 104 divide 56680?
True
Is 9 a factor of 2492433?
True
Does 3 divide 394203?
True
Does 28 divide 236205?
False
Does 7 divide 131030?
False
Is 244 a factor of 462899?
False
Does 4 divide 94826?
False
Does 192 divide 149184?
True
Is 3599070 a multiple of 34?
True
Is 5551206 a multiple of 249?
True
Does 81 divide 24802102?
False
Is 6 a factor of 2869888?
False
Is 9285039 a multiple of 9?
True
Is 134280 a multiple of 45?
True
Does 23 divide 52624?
True
Does 139 divide 147896?
True
Is 74 a factor of 1385058?
True
Is 710413 a multiple of 493?
True
Is 172 a factor of 37668?
True
Is 2 a factor of 4137786?
True
Does 219 divide 2207260?
False
Does 68 divide 250172?
True
Is 2624000 a multiple of 400?
True
Is 23 a factor of 892032?
True
Is 17215034 a multiple of 628?
False
Is 432543 a multiple of 12?
False
Is 36838 a multiple of 113?
True
Is 684468 a multiple of 35?
False
Does 642 divide 172704?
False
Is 434850 a multiple of 195?
True
Is 1031 a factor of 5853240?
False
Is 11 a factor of 4524362?
False
Is 68266 a multiple of 58?
True
Does 11 divide 10642060?
True
Does 35 divide 1540889?
False
Is 3849606 a multiple of 801?
True
Is 142235 a multiple of 45?
False
Does 152 divide 445816?
True
Is 1651863 a multiple of 29?
False
Is 83947 a multiple of 4?
False
Is 8967442 a multiple of 1172?
False
Is 799 a factor of 18778098?
True
Does 10 divide 10607174?
False
Is 42 a factor of 1932294?
True
Is 4 a factor of 2144530?
False
Does 34 divide 665822?
True
Is 1733081 a multiple of 151?
False
Is 30860 a multiple of 17?
False
Does 166 divide 2243324?
True
Does 328 divide 349188?
False
Is 2513472 a multiple of 106?
True
Is 230456 a multiple of 41?
False
Is 151779 a multiple of 10?
False
Is 36 a factor of 1117932?
False
Does 661 divide 564494?
True
Is 754875 a multiple of 183?
True
Is 2543740 a multiple of 28?
False
Does 11 divide 74943?
True
Is 20 a factor of 800760?
True
Is 111 a factor of 218337?
True
Does 14 divide 3510305?
False
Does 78 divide 801527?
False
Is 534 a factor of 6582618?
True
Does 419 divide 65004?
False
Is 4 a factor of 3244056?
True
Does 20 divide 40041?
False
Is 569241 a multiple of 42?
False
Is 12 a factor of 527631?
False
Is 230 a factor of 4576540?
True
Does 200 divide 33872?
False
Is 132 a factor of 43560?
True
Does 53 divide 240774?
False
Does 16 divide 4312832?
True
Is 2 a factor of 68471?
False
Is 38 a factor of 82810?
False
Does 134 divide 21976?
True
Is 152133 a multiple of 211?
False
Is 1670 a factor of 1246350?
False
Does 15 divide 26133?
False
Does 9 divide 1063174?
False
Is 11 a factor of 10695975?
False
Is 578473 a multiple of 128?
False
Does 65 divide 756521?
False
Is 1658157 a multiple of 10?
False
Is 69219 a multiple of 15?
False
Does 807 divide 999873?
True
Is 1922944 a multiple of 724?
True
Does 335 divide 752410?
True
Does 28 divide 105588?
True
Is 161496 a multiple of 9?
True
Does 153 divide 162486?
True
Is 8205835 a multiple of 1065?
False
Does 10 divide 1116860?
True
Does 6 divide 828260?
False
Does 62 divide 985304?
True
Is 226898 a multiple of 239?
False
Is 60 a factor of 14630400?
True
Is 9 a factor of 2609100?
True
Is 6 a factor of 2452278?
True
Is 403 a factor of 6878807?
True
Does 56 divide 101716?
False
Is 70 a factor of 152218?
False
Is 45 a factor of 243165?
False
Does 21 divide 2401665?
True
Is 72144 a multiple of 8?
True
Does 12 divide 56033?
False
Is 253 a factor of 476241?
False
Is 17 a factor of 700567?
False
Is 351831 a multiple of 88?
False
Does 251 divide 5786542?
False
Is 45 a factor of 58320?
True
Is 8744 a multiple of 87?
False
Does 72 divide 6946857?
False
Is 2102721 a multiple of 132?
False
Does 651 divide 574833?
True
Is 849329 a multiple of 139?
False
Is 20 a factor of 341450?
False
Does 41 divide 2296?
True
Does 1606 divide 6185237?
False
Does 801 divide 944699?
False
Is 35884 a multiple of 28?
False
Is 1993464 a multiple of 198?
True
Is 3007480 a multiple of 322?
True
Does 37 divide 22533?
True
Is 18 a factor of 1065226?
False
Is 25 a factor of 491063?
False
Is 33 a factor of 3149652?
True
Does 548 divide 3270974?
False
Is 3809993 a multiple of 8?
False
Does 20 divide 192480?
True
Does 28 divide 87584?
True
Is 161434 a multiple of 91?
True
Is 214210 a multiple of 3?
False
Is 639954 even?
True
Is 15 a factor of 89263?
False
Does 63 divide 112959?
True
Is 2483736 a multiple of 37?
True
Is 71886 a multiple of 66?
False
Is 39 a factor of 16236597?
True
Does 723 divide 864708?
True
Is 329800 a multiple of 3?
False
Is 2329789 a multiple of 302?
False
Is 606 a factor of 1206312?
False
Is 7 a factor of 153597?
False
Is 34 a factor of 6189598?
True
Is 46750 a multiple of 10?
True
Is 22 a factor of 1843842?
True
Is 17 a factor of 562989?
True
Does 12 divide 35741?
False
Does 23 divide 1116006?
True
Is 260676 a multiple of 219?
False
Does 16 divide 234685?
False
Is 1432975 a multiple of 165?
False
Is 43 a factor of 5264431?
False
Does 55 divide 995390?
True
Does 4 divide 80503?
False
Is 932642 a multiple of 48?
False
Is 346769 a multiple of 155?
False
Does 4 divide 204085?
False
Is 45631 a multiple of 3?
False
Is 384924 a multiple of 239?
False
Is 8 a factor of 3671393?
False
Does 470 divide 1160161?
False
Does 57 divide 48476?
False
Is 876799 a multiple of 649?
True
Does 3 divide 3904706?
False
Does 123 divide 985353?
True
Does 1325 divide 31475375?
True
Is 5 a factor of 60822?
False
Is 11 a factor of 75175?
False
Does 3 divide 609028?
False
Does 53 divide 37252?
False
Is 369206 even?
True
Is 645 a factor of 444895?
False
Does 2 divide 815?
False
Is 108 a factor of 37800?
True
Is 77 a factor of 1778700?
True
Does 164 divide 17180?
False
Does 213 divide 299349?
False
Is 14